rime number?
False
Is 6727079 composite?
False
Is 110921323 a composite number?
True
Is 4655317 a composite number?
False
Is 1043627 composite?
True
Is 40266321 a prime number?
False
Is 182901787 composite?
False
Is 9740881 a composite number?
True
Is 9941023 a composite number?
False
Is 7352621 prime?
True
Is 1651367 a prime number?
False
Is 24215357 a prime number?
True
Is 5754611 a composite number?
True
Is 793379 a composite number?
False
Is 20937547 a prime number?
False
Is 25460427 a composite number?
True
Is 96963145 composite?
True
Is 327146819 prime?
True
Is 216765715 a prime number?
False
Is 37989971 a composite number?
True
Is 2129041 composite?
True
Is 1225687 composite?
False
Is 278585207 a composite number?
True
Is 4614031 prime?
True
Is 2338393 a prime number?
False
Is 192061 a composite number?
True
Is 34259951 a composite number?
True
Is 70931171 a prime number?
False
Is 6758473 a prime number?
True
Is 7082407 a prime number?
False
Is 9297679 prime?
False
Is 97148299 a composite number?
False
Is 250561279 a composite number?
True
Is 33601466 a composite number?
True
Is 5333203 prime?
True
Is 11620813 prime?
False
Is 30861383 composite?
True
Is 16393571 a composite number?
False
Is 1177 a composite number?
True
Is 53683579 prime?
True
Is 27809063 a composite number?
True
Is 6819719 a prime number?
True
Is 15711593 a prime number?
True
Is 126067 a composite number?
False
Is 79659233 a composite number?
True
Is 14389429 a prime number?
False
Is 51184049 a prime number?
False
Is 78062449 a prime number?
True
Is 1422749 a composite number?
False
Is 6820277 prime?
True
Is 7705757 a composite number?
False
Is 10471933 a prime number?
False
Is 23823191 prime?
False
Is 33337307 composite?
True
Is 25479997 a prime number?
False
Is 37510923 composite?
True
Is 3216107 prime?
True
Is 1423693 a prime number?
False
Is 54931687 prime?
False
Is 8460745 prime?
False
Is 38514601 a prime number?
False
Is 287771617 a prime number?
False
Is 108054001 composite?
True
Is 2437043 prime?
False
Is 116197919 prime?
True
Is 177526117 a composite number?
False
Is 471833191 a composite number?
True
Is 7247167 composite?
True
Is 7466699 a prime number?
True
Is 22726507 prime?
False
Is 39098473 a prime number?
True
Is 695999 a composite number?
False
Is 39430921 prime?
True
Is 247922617 composite?
False
Is 33732143 a composite number?
False
Is 807563 prime?
False
Is 7251119 a prime number?
False
Is 10410187 prime?
False
Is 7658743 a prime number?
True
Is 402852007 a prime number?
True
Is 117017 a prime number?
True
Is 9003823 composite?
True
Is 93911437 a composite number?
False
Is 3874711 composite?
False
Is 605443 a prime number?
True
Is 954719 prime?
True
Is 3680613311 a composite number?
False
Is 1184069 a composite number?
False
Is 2505757 a prime number?
False
Is 171583 prime?
True
Is 8159521 composite?
False
Is 27423263 a prime number?
False
Is 55726079 a prime number?
False
Is 32561311 a composite number?
True
Is 1878637 prime?
False
Is 52188137 a composite number?
False
Is 2634329 composite?
True
Is 38014051 a composite number?
True
Is 14085685 prime?
False
Is 28176931 prime?
False
Is 68088067 prime?
True
Is 644783 a composite number?
False
Is 8858537 a composite number?
True
Is 630997 prime?
True
Is 212550203 prime?
True
Is 89530141 composite?
False
Is 27696001 prime?
True
Is 12766967 composite?
False
Is 9157321 a prime number?
True
Is 47281477 a prime number?
False
Is 32557769 a prime number?
False
Is 9619061 a composite number?
False
Is 11262137 a composite number?
True
Is 4675331 composite?
True
Is 11444911 a composite number?
True
Is 3508769 a prime number?
False
Is 4035338 a prime number?
False
Is 4278223 composite?
False
Is 407066017 a prime number?
True
Is 9984301 a prime number?
True
Is 23777909 composite?
True
Is 969713 a prime number?
True
Is 427327 a prime number?
True
Is 3542489 prime?
True
Is 12667817 composite?
False
Is 25339 a prime number?
True
Is 131228917 a composite number?
True
Is 281847959 prime?
False
Is 36199607 prime?
True
Is 24044609 a composite number?
False
Is 43076293 composite?
True
Is 90951947 a prime number?
False
Is 1671391 composite?
True
Is 44371 a composite number?
False
Is 30264571 a composite number?
False
Is 3195679 a prime number?
True
Is 686281 a prime number?
False
Is 47544905 composite?
True
Is 5088947 prime?
True
Is 31499731 composite?
False
Is 1566781 a prime number?
False
Is 8195483 a prime number?
True
Is 18486445 a composite number?
True
Is 7336403 prime?
True
Is 48787133 a composite number?
False
Is 176389 a prime number?
True
Is 43072727 composite?
True
Is 3578539 a prime number?
True
Is 507527 prime?
False
Is 2188607 prime?
True
Is 11533163 a prime number?
True
Is 2511647 prime?
False
Is 10430237 a composite number?
False
Is 96951923 prime?
False
Is 3169603 prime?
True
Is 185291 prime?
True
Is 8750759 prime?
False
Is 42736481 prime?
False
Is 357871979 a prime number?
True
Is 21583907 a prime number?
True
Is 328247 prime?
False
Is 9330991 prime?
True
Is 265113839 composite?
False
Is 539207 a composite number?
False
Is 43659069 prime?
False
Is 7084491 prime?
False
Is 17643583 a composite number?
False
Is 6636767 composite?
False
Is 371326613 a prime number?
False
Is 517156009 a prime number?
True
Is 22805369 a composite number?
False
Is 1198559 a composite number?
True
Is 30034313 a composite number?
False
Is 22958849 a composite number?
True
Is 146070781 a composite number?
True
Is 1475203 a prime number?
True
Is 57895979 prime?
False
Is 147629311 a prime number?
True
Is 44388359 composite?
False
Is 46978411 a prime number?
True
Is 174181382 a prime number?
False
Is 62911159 a composite number?
True
Is 118724989 composite?
False
Is 1116099967 a composite number?
False
Is 15769945 prime?
False
Is 419801017 a prime number?
False
Is 188051 composite?
True
Is 208429007 a composite number?
False
Is 17977501 a composite number?
False
Is 1054929 prime?
False
Is 73691183 prime?
False
Is 781019 a composite number?
True
Is 21214201 a prime number?
False
Is 5325661 prime?
False
Is 104350601 composite?
False
Is 91544941 composite?
False
Is 62304691 a composite number?
False
Is 2439133 prime?
True
Is 75395447 a composite number?
True
Is 5528837 a composite number?
False
Is 3160579 composite?
True
Is 110163103 a composite number?
True
Is 864887 a prime number?
True
Is 1902097 prime?
True
Is 14478391 prime?
False
Is 944369 composite?
False
Is 7312639 prime?
True
Is 220877987 composite?
True
Is 24032461 composite?
True
Is 563796949 a prime number?
False
Is 10517189 composite?
True
Is 116251 composite?
True
Is 31658819 composite?
False
Is 37750049 prime?
False
Is 157627 a composite number?
False
Is 13731589 a prime number?
True
Is 33917467 a prime number?
True
Is 102274603 composite?
False
Is 23169403 prime?
True
Is 3654991 composite?
True
Is 70979 a composite number?
False
Is 16591301 composite?
False
Is 388853453 a prime number?
False
Is 30977929 a composite number?
False
Is 181378573 a composite number?
False
Is 84301643 prime?
False
Is 18936667 a prime number?
False
Is 1170434 a composite number?
True
Is 77412121 a composite number?
False
Is 12737213 a prime number?
False
Is 4101160157 a composite number?
False
Is 63195371 a prime number?
False
Is 2862557 a prime number?
False
Is 10575323 prime?
False
Is 734658473 a composite number?
False
Is 197060783 prime?
True
Is 4805819 composite?
True
Is 57564127 composite?
False
Is 9313411 a composite number?
True
Is 257878046 composite?
True
Is 7055723 a prime number?
True
Is 9975067 composite?
False
Is 242885041 a composite number?
True
Is 277237 a prime number?
False
Is 225683 a prime number?
True
Is 49253 prime?
True
Is 168720263 a prime number?
True
Is 857309 a prime number?
True
Is 76079 a prime number?
True
Is 3698683 composite?
False
Is 146046827 composite?
False
Is 327689 a prime number?
True
Is 67019893 a composite number?
False
Is 577751 composite?
False
Is 7235329 composite?
True
Is 119117951 prime?
True
Is 75391121 a composite number?
True
Is 3061447 prime?
False
Is 53113 composite?
False
Is 5808767 a prime number?
True
Is 56697913 a prime number?
False
Is 7000933 a composite number?
True
Is 35050037 composite?
True
Is 1416689 a composite number?
True
Is 6